c(b) = -b - 3. Let w be c(-3). Suppose -5*x - 2 + 17 = 0, -11 = m - 4*x. Let o = m + w. What is the units digit of o?
1
Let x be (-6)/4*(-28)/6. Suppose 5*l - 4*t = -9, 2*l - l - 3*t - x = 0. Let p = l + 12. What is the units digit of p?
7
Let i(f) = f**3 + 5*f**2 - 4. What is the tens digit of i(-4)?
1
Let q be (-33)/(-2) - (-1)/2. Let j = q + -12. Let v = -3 + j. What is the units digit of v?
2
Let w be ((-3)/2)/((-1)/(-18)). Let g = 55 + w. What is the tens digit of g?
2
Let j = 30 - 11. Suppose -2*p + 33 = 3*w, 0 = -w + 3*p - p + j. What is the units digit of w?
3
Let g(y) = 68*y + 1. What is the units digit of g(1)?
9
Suppose -288 = -3*i + u - 13, -5*u - 25 = 0. What is the units digit of i?
0
Let w(f) = 29*f - 19. What is the hundreds digit of w(6)?
1
Suppose 13*m = -m + 3178. What is the tens digit of m?
2
Let q be -1*27*2/(-3). Suppose 5*s - 73 + q = 0. What is the tens digit of s?
1
Let u(m) = -m**2 - 6*m - 6. Suppose 0*y + y - 2*q = -9, 0 = -5*y - 4*q - 17. Let j be u(y). What is the units digit of 1 + 1 + 1 - j?
4
Let x(l) = l**2 + 4. Let w be x(3). Let y(q) = -q**2 + 14*q - 9. Let b be y(w). Suppose -b*n - 21 = -5*n. What is the units digit of n?
1
Suppose 4*a - s = 107, -3*s + 33 = a - 2*s. What is the tens digit of a?
2
Suppose -8 = -0*q - 4*q. Suppose 0 = -4*s + q*s + 54. What is the units digit of s?
7
Let a = 296 - 164. What is the hundreds digit of a?
1
What is the hundreds digit of (1 + 4 + -4)*389?
3
Let m = 5 - 3. Suppose 4*j - 3*j = -5*h - 15, 0 = -2*j - m*h + 2. Suppose 40 = -0*d + j*d. What is the units digit of d?
8
Suppose a = 2*a. Suppose -2*r + 7*r - 40 = a. What is the units digit of r?
8
Suppose 8 - 5 = z. Let r = z - -7. What is the units digit of r?
0
Let t be (-2)/(-6) + 16/(-3). What is the units digit of (-142)/(-10) - (-1)/t?
4
Let v(c) = -3*c**3 + 2*c**2 - 3*c + 37. Let b(p) = -4*p**3 + 3*p**2 - 4*p + 56. Let d(y) = 5*b(y) - 7*v(y). What is the units digit of d(0)?
1
Let h be 2 + -2 + (-8)/(-4). Suppose h*j = 12 - 4. What is the units digit of j?
4
Let o(b) = -b**2 + 11*b + 15. Let l be o(12). Suppose 0 = -5*t + 5*p - l*p + 105, 0 = -p. What is the tens digit of t?
2
Suppose 4*m - 17 = 123. What is the units digit of m?
5
Let u(j) = j**3 - 11*j**2 + 4*j + 10. What is the units digit of u(11)?
4
Suppose -h = 1 - 11. Suppose -2*j + h = -14. What is the tens digit of j?
1
Let l(p) = 5*p**3 - p + 1. Let r be l(1). Let z(x) be the third derivative of -x**5/60 + 5*x**4/24 + 5*x**3/6 + x**2. What is the units digit of z(r)?
5
What is the tens digit of 120/8*1*6?
9
Suppose 5*a - 4*k - 641 = 0, -2*a + 5*k + 124 = -a. What is the hundreds digit of a?
1
Let c be -25 + ((-9)/3)/(-3). Let w = c - -40. What is the tens digit of w?
1
Suppose 4*c - 49 = -u, 2*c - 4*u - 5 = -3. Suppose 13 = -4*o - c. What is the units digit of ((-21)/o)/((-1)/(-2))?
7
Suppose 5*l = 616 - 246. Suppose 5*o - l = -2*b - 0, 0 = o + 5*b - 1. What is the tens digit of o?
1
Let w = 10 - 8. Let s = 7 + w. What is the units digit of s?
9
Let i(l) = 2*l + 9. Let x(q) = q + 4. Suppose -55 = -0*f + 5*f. Let w(y) = f*x(y) + 6*i(y). What is the units digit of w(-7)?
3
Let d = 87 + 144. What is the tens digit of d?
3
Suppose 108 = -2*s + 5*s. Suppose 3*z - 4*t = 6*z - s, 0 = 4*z - t - 29. What is the units digit of z?
8
Let o(r) = 4*r. Let g be o(3). Let y be 4/1*(-9)/g. What is the units digit of (10/(-3) - 0)*y?
0
Let w be (-14)/(-4) - (-2)/(-4). Let b = 8 + w. What is the tens digit of b?
1
Let r(h) = -h**2 - 20*h + 27. What is the tens digit of r(-19)?
4
Let i(q) = -q - 3. Let f be (1 - -9)/(1/(-1)). What is the units digit of i(f)?
7
Suppose 3*p - 4*p = -4*q + 203, 2*p - 53 = -q. What is the units digit of (41/3)/(17/q)?
1
Suppose i - 4 = a + 2, -a + 6 = 3*i. What is the tens digit of 738/27 + (-2)/a?
2
Let p = -10 - -5. Let u(o) = o**3 + 8*o**2 - 2*o - 2. Let d(b) = b**2. Let y(r) = p*d(r) + u(r). What is the units digit of y(-3)?
4
Let o(c) = c - 7. Let u(d) = 6. Let h(k) = -3*o(k) - 4*u(k). What is the units digit of h(-4)?
9
Let a = -27 + 40. What is the units digit of a?
3
Let f = 17 + 3. Let n(r) = 3*r + 5. Let h be n(0). Let m = f - h. What is the units digit of m?
5
Suppose o - 2 = 0, -4*a + 5*o = 4*o + 22. Let p = 23 + a. What is the units digit of p?
8
Let d = 9 + -10. Let o = d - -39. What is the tens digit of o?
3
Suppose 3*k = 7 - 1. What is the units digit of k?
2
Let u = -4 - -14. Suppose 2*b + u = 7*b. What is the units digit of b?
2
Let t(y) = y**3 - 30*y**2 + 37*y. What is the tens digit of t(29)?
3
What is the units digit of -16*(0 + 1 + -3)?
2
Let p be -3 + 2 + -2 - 49. Let u = p + 77. What is the tens digit of u?
2
What is the units digit of 8303/76 + (-5)/4?
8
Let y be (-2 - (-5)/1) + -1. Let d(r) = -2*r - 9. Let h be d(-6). Let m = h + y. What is the units digit of m?
5
Suppose -40 = -5*j - 0*j. Suppose 0 = -0*t + 2*t - j. Suppose 4*g - 14 = 2*w - 4*w, 4*g - t*w = -16. What is the units digit of g?
1
Let m(z) = z**3 - 4*z**2. Let g be m(5). What is the tens digit of g - (-2 - (4 + -3))?
2
Let u = 6 + -4. Suppose 4*p + 6 + u = 0. What is the units digit of (-9 - -6)*p/2?
3
Let m be 1/(-2)*(1 + -1). Suppose m = 4*f - 73 + 25. What is the tens digit of f?
1
Suppose 15 = 5*g - 4*p, -8*g - 4*p = -3*g - 55. Suppose -12*a + 125 = -g*a. What is the tens digit of a?
2
Let g(r) = -5*r + 4. Let f(j) = -3*j + 2. Let c(n) = -11*f(n) + 6*g(n). What is the tens digit of c(3)?
1
Suppose 0 = -3*z - 3 - 3. Let a(i) = -9*i - 1. What is the units digit of a(z)?
7
Let q = 27 - 12. What is the tens digit of q?
1
Let c(j) = j - 6. Let v be c(9). Let b(r) = -r**3 + 3*r**2 + 2*r + 3. Let u be b(v). Suppose o = u + 1. What is the tens digit of o?
1
Let z be -3 - 3/(-1) - -3. Suppose -4*k + 5*i = -11, -k + 2 = -z*i + 8. What is the units digit of k?
9
Let t(l) be the second derivative of -l**5/12 - l**4/24 + l**3/6 + 3*l. Let p(v) be the second derivative of t(v). What is the units digit of p(-1)?
9
What is the hundreds digit of 2278/20 - (-3)/30?
1
Let h(n) = 2*n**2 - 3*n + 1. Suppose -3*y + 6*s = s - 16, 4*s = -4*y. Let v be h(y). Let t(u) = u + 3. What is the units digit of t(v)?
6
Let n = 83 + -33. Suppose 2*c - n = q, -q = q + 8. What is the units digit of c?
3
Let w be (-184)/10*(-10)/4. Let o = 72 - w. Let u = -10 + o. What is the tens digit of u?
1
Suppose 0 = 2*y + 4, -3*b - 2*b = -3*y - 101. What is the tens digit of b?
1
Let c be 88/10 - (-1)/5. Let g(m) = 3*m - 12. What is the units digit of g(c)?
5
Let n = 133 + -89. What is the units digit of n?
4
Let z be 5*((-135)/(-25))/(-3). Let j(k) = -k + 23. Let o be j(0). Let c = o + z. What is the units digit of c?
4
Let t(w) = 1. Let n(h) = -24*h + 3. Let u(y) = -n(y) + t(y). What is the tens digit of u(1)?
2
Suppose -5 = r - 0. Let c(y) = -11*y**3 - 2*y**2 - 3*y + 2. Let d(t) = 21*t**3 + 3*t**2 + 5*t - 3. Let g(f) = r*c(f) - 3*d(f). What is the units digit of g(-1)?
8
Let w(s) = s**3 + 4*s**2 - 6*s - 3. Let n be w(-5). Suppose 0 = -n*x - 5*t + 15, 2*t + t = -5*x + 9. Suppose -r - r + 4 = x. What is the units digit of r?
2
Suppose 20 + 18 = 2*d. Let z = 22 - 11. Suppose -3*t + z = -d. What is the units digit of t?
0
Let k = 6 + -6. Let v = k + 9. What is the units digit of v?
9
Let c be (-10)/1*3/2. Let w be 5/c + (-37)/(-3). Let i = w - 6. What is the units digit of i?
6
Let d(t) = 8*t**2 - t + 3. What is the units digit of d(3)?
2
What is the tens digit of 3 + 4/(-34) + (-4492)/(-34)?
3
Suppose -5*z = -39 - 1. Let y(h) = -h**2 + 9*h - 5. What is the units digit of y(z)?
3
Let j(s) = 62*s - 7. What is the hundreds digit of j(2)?
1
Suppose 0 = -3*k + 7*w - 2*w + 354, 0 = 5*k - 2*w - 571. What is the tens digit of k?
1
What is the tens digit of ((-3)/(-6))/(4/344)?
4
Let m = 77 + -47. Suppose 3*d = g - m, 4*g - g + 2*d = 134. Let s = g + -30. What is the units digit of s?
2
Let j(v) = v**3 - 6*v**2 - 3*v + 7. Let r be j(6). Let x(n) = -2*n + 4. Let i be x(r). Suppose 0 = 3*u - i - 10. What is the units digit of u?
2
Let s be 1/(-1 - 9/(-6)). Suppose -s*p + 10 = 0, 3*p + 2*p = -3*m + 43. What is the units digit of m?
6
What is the units digit of (-14)/(-105) + (-823)/(-15)?
5
Let b(w) = -w**3 - 22*w**2 - 6*w + 14. What is the tens digit of b(-22)?
4
Let s(a) = -a**3 - 4*a**2 - 2*a - 6. Let f be